st common factor of 7 and v.
7
Let s be 1/(-4) - ((-5)/(-25) - (-249)/(-20)). Calculate the greatest common divisor of s and 244.
4
Suppose 2*v = -49*f + 52*f + 113, 272 = 5*v - 4*f. Let o be (8 - 1)/((-4)/(-52)). Calculate the greatest common factor of v and o.
13
Let y = 19837 + -19831. Calculate the highest common divisor of y and 13524.
6
Let m = -67 + 67. Let z be (-1)/(m + (4/(-66))/2). Suppose 0 = 2*v + w - 68, 5*v = -4*w + 200 - z. Calculate the greatest common factor of 5 and v.
5
Suppose 3*q + 2*z + 1160 = 0, 5*q = 4*z + 39 - 2009. Let s = 413 + q. Let y(x) = -24*x - 3. Let k be y(-3). Calculate the greatest common divisor of s and k.
23
Let p be 305/(-25) + 12 + 132/10. Let s = 474 + -227. What is the highest common factor of s and p?
13
Suppose 8*h - 30*h + 1166 = 0. Calculate the greatest common factor of h and 19.
1
Let v = -51 + 55. Suppose -v*a - 306 = -442. Calculate the greatest common divisor of a and 51.
17
Let c = 1281 + -375. Calculate the greatest common divisor of c and 12.
6
Let v(h) = 20*h - 1. Let m be v(-4). Let k = -58 - m. Let y be (13/(-39))/(13/(-39)). Calculate the highest common factor of y and k.
1
Suppose -62*m = 47*m - 94939. What is the greatest common divisor of m and 13?
13
Suppose 25*b = 26*b - 451. Suppose -3*u + w - 105 = -b, 0 = 5*u - 3*w - 574. What is the highest common divisor of u and 145?
29
Suppose -108*j + 4582 = -29*j. Calculate the highest common divisor of 2552 and j.
58
Suppose 3*p = 12*q - 10*q + 1163, 0 = -2*p - 2*q + 772. What is the highest common factor of 378 and p?
9
Let n(s) = -47*s**2 + 2706*s - 89. Let a be n(54). What is the greatest common factor of a and 13?
13
Let k(h) = h**2 + 12*h - 7. Let s be k(-12). Let c be (10 - 3) + 78 + s. Calculate the highest common divisor of 39 and c.
39
Suppose -5*y + 4220 = 5*w, 8*y - 835 = 7*y - 4*w. Calculate the greatest common divisor of 28 and y.
7
Let r be (-2613)/18 + (-20)/24. Let k = -142 - r. Calculate the greatest common factor of k and 268.
4
Let r be (-4)/(-7) - (-29790)/(-315). Let l = r - -112. Calculate the highest common divisor of 24 and l.
6
Suppose -161 = 6*g + 85. Let m = g + 48. Suppose 6 - 391 = -5*u. Calculate the highest common factor of u and m.
7
Let p(o) = o**2 - 79*o + 1090. Let c be p(74). Calculate the greatest common factor of 105 and c.
15
Let h(x) = 3*x**2 + 9*x - 8. Let m be h(11). Calculate the greatest common factor of 2 and m.
2
Let t(b) = 16*b - 30. Let o be t(3). Suppose 0 = 2*p - 4*j - o, -3*p = -2*j - 4 - 19. What is the highest common divisor of 35 and p?
7
Suppose -3*j + 2*x + 12087 = 0, 63*x - 20135 = -5*j + 68*x. Calculate the greatest common factor of 37 and j.
37
Suppose -3*c = -b - 4282, 4*c = -405*b + 406*b + 5710. What is the highest common divisor of c and 105?
21
Let h be 4 - (-69)/23 - 3/(6/(-364)). What is the greatest common factor of 1218 and h?
21
Suppose -2*p = -64*v + 62*v - 10318, -5*v = 3*p - 15509. Calculate the highest common factor of p and 3.
3
Suppose 26*o = 6*o + 7160. Suppose 364*v - 2784 = o*v. Calculate the highest common factor of v and 16.
16
Suppose -4*z + 542 = 194. Suppose -z = 23*o - 20*o. Let u = 50 + o. Calculate the highest common divisor of 21 and u.
21
Suppose 0 = -50*r + 40696 + 112304. Calculate the greatest common factor of 180 and r.
180
Let g(p) = 105*p**2 - 3*p - 2. Let n be g(-1). Let u = -661 - -714. What is the highest common factor of u and n?
53
Let i be 80 + (-16)/80 + 78/(-10). Calculate the highest common factor of i and 9216.
72
Suppose 3*c + 2*k - 3*k = 104, 0 = 4*c + k - 134. Suppose -10*h = -c*h + 480. Calculate the greatest common divisor of 340 and h.
20
Let y(f) = 29*f - 3827. Let v be y(141). What is the greatest common factor of 8777 and v?
131
Let o(d) = -3*d + 27. Let c be o(12). Let u = 9 + c. Suppose 5*k + 85 = 4*q, u = 3*q + 4*k - 46 - 41. Calculate the highest common factor of q and 225.
25
Let m be 1 + 1 - (-2 + 3). Let s(k) be the second derivative of 14*k**3/3 + 7*k**2/2 - 2*k - 29. Let z be s(m). What is the highest common factor of 5 and z?
5
Suppose 2*a - z - 15 = -2*a, 2*a = 5*z + 21. Let o be ((-7)/3 + 1)*a. Let t be (-4)/o*42/3. Calculate the greatest common factor of 70 and t.
14
Suppose -14*o + 2*o - 22792 + 23800 = 0. What is the greatest common divisor of 6972 and o?
84
Let m be (1 - (-77)/4)/(6351/232 - 27). Let j = -25 + 37. What is the highest common divisor of m and j?
6
Let x(g) = -16*g**3 - 6*g**2 - 2*g. Suppose -2*k = -17*m + 14*m + 16, 5*m = 2*k + 24. Let l be x(k). Calculate the highest common factor of l and 60.
12
Let x be (-2)/9*-3*-648. Let a = -153 - x. What is the highest common divisor of a and 31?
31
Suppose 3*h - 3229 - 2261 = 3*t, 5*h = -2*t - 3660. Let r be 12/16 - t/24. What is the greatest common factor of r and 56?
7
Let j = 11 - -3. Suppose -j = -c - 2. Let m be -2*(-6)/(-8) - (-270)/c. Calculate the highest common divisor of m and 21.
21
Let c be ((-6)/8 + (-288204)/1008)/((-1)/3). What is the greatest common divisor of 40 and c?
20
Suppose -2*x = -5*z + 4468 + 1914, 3*z = 2*x + 3834. Calculate the highest common divisor of z and 490.
98
Let o = 339 - 240. Suppose -5*x = -5*z + 55, 25*z - 3*x = 27*z - 22. What is the greatest common factor of z and o?
11
Let h be ((-2)/(-8) + 1)/(3/12). Suppose 2*f - h*q - 2 = -q, -f - q = -10. Let r be -4*((-9)/12 + -1). What is the greatest common factor of r and f?
7
Let y be 106/6 - 4/6. Let x(n) = 67*n**2 - n. Let w be (-8)/(-12) - (6 + 13/(-3)). Let q be x(w). Calculate the greatest common factor of q and y.
17
Let t be 174/11 - 4/(-22). Let p = t - 21. Let j be (-3 + 0)*p/1. Calculate the highest common factor of 135 and j.
15
Let b = -6208 - -7169. What is the greatest common factor of 62 and b?
31
Let c be (1/(-2))/(-1 + 1/2). Let j(l) = 2*l + 19*l**2 - 33*l**2 + 103*l**2 - 1 + 36*l**2. Let h be j(c). Calculate the greatest common factor of 21 and h.
21
Suppose 2*f + 106 = h, -99*f = h - 104*f - 121. Calculate the greatest common divisor of 108 and h.
12
Let s be (-8)/(-2) + 7200/168 - (-7)/49. Calculate the greatest common factor of 846 and s.
47
Suppose -w + p + 12 = 0, -4*p = -4*w + w + 41. Suppose -2*f - 4*q = -86, -2*f + f = 5*q - 55. Calculate the greatest common divisor of f and w.
7
Let q(u) = -41*u**2 - 701*u - 65. Let h be q(-17). Calculate the highest common divisor of 311 and h.
1
Let c = -2030 - -3025. Suppose -120 = 5*l - c. What is the highest common factor of l and 75?
25
Let i(l) = 8*l**3 - 14*l**2 - 144*l + 721. Let o be i(5). Calculate the highest common factor of o and 2418.
93
Suppose 0 = 5*i + u - 5, i + 25 = 6*i + 5*u. Suppose -3*z - 5*h = -486, 5*h = 4*z - i*h - 648. Calculate the highest common factor of 36 and z.
18
Suppose -9*j + 70*j = 2745. Calculate the greatest common divisor of j and 99.
9
Suppose -2*n + 2782 = 240. Suppose -3*o + n = -4*l, -3*l + 0*l + 1728 = 4*o. What is the highest common factor of 39 and o?
39
Let x(c) = 226*c**2 + 4*c + 3. Let f be x(-1). Suppose 5*a - 261 = 2*n, -2*a + f = -5*n - 438. Let s = 27 - n. What is the highest common factor of 10 and s?
10
Let t be (3/(-2))/((-7)/(392/21)). Suppose -4*c - 520 = -5*s, -c - 417 = -t*s + 2*c. What is the greatest common factor of s and 12?
12
Suppose 122 = v + 4*d, 4*v - 3*d = 2*d + 572. Suppose -n - n + v = 0. Calculate the greatest common divisor of 46 and n.
23
Suppose 0 = 1734*j - 1694*j - 520. What is the highest common factor of 4381 and j?
13
Suppose 0 = -3*x - i - 4*i + 1446, -4*x - 2*i + 1914 = 0. Calculate the greatest common factor of 7473 and x.
159
Suppose -2*a - n + 957 = 0, 49*n + 466 = a + 47*n. Calculate the highest common factor of 1292 and a.
68
Let x(i) = -2*i**2 + 13*i - 25. Let a be x(9). Let n = a - -70. Suppose p + n*p = 54. What is the highest common factor of 9 and p?
9
Let v be (147/196*(394 + -2))/(1/8). Calculate the highest common factor of 16 and v.
16
Suppose 18*f - 180 = 9*f. Suppose -n - 4*x = -8*x - f, 150 = 4*n - 2*x. What is the highest common factor of 110 and n?
10
Let u be (6 - 14/(11 + -4)) + 106. Let f = -123 + 348. Suppose -5*s + y + f = 0, 2*y - 6*y + 24 = s. Calculate the greatest common factor of u and s.
22
Let d = 109 + 144. Suppose -4*l = -d + 29. Let n = -28 + 56. What is the greatest common factor of l and 